-2*q + 8. Let y(p) = 3*p**2 - 2*p - 1. Determine y(g).
7
Let v(y) = -2*y**2 + y + 1. Let i(t) = 11*t**2 + 2*t - 7. Suppose -3*s = -2*g - 14, 0 = -g - 3*s - s + 15. Let d(k) = g*i(k) - 6*v(k). Determine d(6).
-11
Let y(v) = 6*v - 7. Let b(p) = 7*p - 6. Let w(m) = 3*b(m) - 4*y(m). Let i(j) = j**3 - 42*j**2 + 362*j - 67. Let l be i(30). Calculate w(l).
31
Let p(x) = x**2 - x - 5. Let t be (-13 + 22 - 132) + 3 + -1. Let z = -116 - t. Determine p(z).
15
Let o(d) = -33*d**2 + 29 - 43*d**2 + d**3 + 3*d - 33*d**2 - 41*d**2 + 159*d**2. Calculate o(-9).
2
Let o(n) = 65*n - 140. Let t(h) = -17*h + 36. Let q(m) = -4*o(m) - 15*t(m). What is q(6)?
-10
Let x(f) = f**3 + f**2 + 8. Let t be 0/(1 - 0/1). Suppose 0 = -5*s - 0 - 10, -u - 3*s - 6 = t. Calculate x(u).
8
Let z(g) = 8800 + 19*g**2 - 17*g**2 - 8621 - 38*g. Determine z(12).
11
Let d(k) be the second derivative of -k**5/120 + k**4/24 + k**3/3 - 7*k**2 + k. Let z(h) be the second derivative of d(h). What is z(12)?
-11
Let b(j) = -30*j - 24*j - 5 + 66*j. Let v(q) = -1. Let t(w) = -b(w) + 6*v(w). Let n = 211 - 210. Determine t(n).
-13
Suppose 6*p - 12 = 2*p, 2*f + 75 = p. Let q = -39 - f. Let k(m) be the third derivative of -m**5/60 + 16*m**2. Give k(q).
-9
Let p be (3075/(-6))/(-41) - (-2 - 3/(-2)). Let w(k) = -k**3 + 15*k**2 - 27*k + 2. What is w(p)?
-11
Suppose 12 = 4*s + 497*x - 493*x, 5*x = -4*s + 2. Let a(b) be the first derivative of b**2/2 - 23*b - 1. What is a(s)?
-10
Let b = 82 + -79. Suppose 2*z + 2*t + 2 = 0, -b*z + 2*t - 4 = -8*z. Let g(r) = -z*r - 9 - 9 + 15. Calculate g(-3).
3
Let h(o) = 9*o**2 + 8*o - 9. Let k(m) = 26*m**2 + 24*m - 25. Let g(f) = 11*h(f) - 4*k(f). Calculate g(-4).
-47
Let r(p) = p**2 - 172*p + 20 + 162*p + p**2. Let a be r(6). Let d = 32 - a. Let i(g) = -g - 15. Determine i(d).
-15
Let p(i) be the first derivative of 7*i**2 + 67*i - 584. Give p(-5).
-3
Let c(h) = h**2 + 17*h + 22. Let g be c(-16). Let u(d) = g*d - 2 + 0 + 1 - 5*d. Give u(-4).
-5
Let o(d) = d**2 - 5*d - 8. Let j be o(6). Let m be 13 - (-352)/24 - (-4)/(-6). Let f(u) = 7 - 28*u - 1 + m*u - 5. Calculate f(j).
3
Suppose 5*z + 2*j - 11 = 12, -11 = -5*z + j. Let n(o) = o**3 - 5*o**2 + 7. Let v be n(5). Let s(m) = v + m + 0*m + 0 - z*m. Calculate s(6).
-5
Let q(r) = 14*r - 66. Suppose 1132 - 492 = 160*i. Determine q(i).
-10
Let i = 2931 - 2929. Let d(o) = -6*o**3 + o**2 + 1. Give d(i).
-43
Suppose -5 = 2*c + 5. Let u(h) = -7*h**2 - 26*h - 60. Let m(r) = 5*r**2 + 19*r + 44. Let d(y) = -11*m(y) - 8*u(y). Calculate d(c).
26
Suppose 9 = -4*p - 11. Let y(i) be the second derivative of i**5/60 + i**4/4 - 16*i**2 + 64*i. Let k(a) be the first derivative of y(a). What is k(p)?
-5
Let c(h) = -8*h**3 - h**2 - 3*h - 2. Suppose -3*z = -3*q - 21, 4*q + 80*z + 34 = 85*z. What is c(q)?
8
Let u(f) = 169*f - 343. Let o be u(2). Let r(k) = k**2 + 11*k + 35. Give r(o).
5
Let y(a) be the first derivative of a**4/24 - 8*a**3/3 - 5*a**2/2 - 24. Let s(t) be the second derivative of y(t). Let b = -44 - -53. Calculate s(b).
-7
Let q(z) = 4*z - 20*z + 9*z**2 + 48 - 2*z**2 - 6*z**2. Calculate q(4).
0
Let w = 9245 + -9238. Let o(h) = -8*h + 1. Determine o(w).
-55
Suppose -17*z + 15 = -14*z. Let l be 5/50*4*z. Let m(k) = 1 - 1 - l*k - k**3 + 8*k + 3 + 7*k**2. What is m(8)?
-13
Let i(o) = o**3 - o**2 - o - 2. Let c be i(2). Let x(l) = -l**3 - 3*l**2 - 19*l - 11. Let g be x(-8). Let b(p) = -462*p + p**2 + 1 - 2 + g*p. What is b(c)?
-1
Let r(a) = -3*a + 42. Let f be r(-27). Let b = f - 124. Let t(h) = -9*h**2 + 14*h**2 - 9*h**2. Determine t(b).
-4
Let p(r) = -10*r + 154. Suppose h + 91 - 88 = -3*x, -2*x - 87 = -5*h. Calculate p(h).
4
Let j(x) = 4*x + 29. Let y be 210/(-63)*12/4. Calculate j(y).
-11
Suppose 5*n - 89 + 25 = -6*o, -5*n - 2*o + 28 = 0. Let m(d) be the first derivative of 18 + d + 5/2*d**n. Calculate m(-1).
-4
Let x(v) be the first derivative of 13*v**2 - 150*v - 884. Determine x(6).
6
Let v(o) = 3 + o + 9*o + 12*o + 15*o - 35*o. Calculate v(-2).
-1
Suppose -1045*k + 1042*k = -12. Let u(z) = -4*z + 18. Calculate u(k).
2
Let k(u) be the second derivative of u**3/6 + 49*u**2/2 + u. Suppose -2*o - 12 = 0, -24 = 3*p + 7*o - 3*o. Calculate k(p).
49
Let x(g) = 9*g**3 + 8*g**2 - 11*g - 58. Let p(s) = -5*s**3 - 6*s**2 + 5*s + 30. Let k(o) = -7*p(o) - 4*x(o). Calculate k(11).
0
Suppose 2*w - 2 = -6. Let p be (-2)/((9/(-6))/(9/12)). Let g(f) = -15*f - p + 5*f + 6*f. Calculate g(w).
7
Let s(u) = -2*u**2 - 14*u - 8. Let p = -245 + 266. Let q be -35 + p - (-14)/2. Calculate s(q).
-8
Suppose -1027 = 10*x - 89*x. Let o(l) = -5*l + 70. What is o(x)?
5
Suppose 382 = -17*k + 1895. Let j(u) = k*u - 19*u - 22*u - 25*u - 22*u. Suppose 4*z - y = y - 14, -z = y - 4. What is j(z)?
-1
Let x(n) be the second derivative of 0 - 3/2*n**4 - 1/120*n**5 + 0*n**2 + 0*n**3 + 8*n - 1/360*n**6. Let p(h) be the third derivative of x(h). What is p(-3)?
5
Let f(c) = -4 - 8*c + 9*c - 9*c**3 - 7*c**2 + 10*c**3. Let v be f(7). Suppose -v*y = -9, 5*y = -4*q - 5 - 0. Let g(o) = -o**3 - 6*o**2 - 6*o - 6. What is g(q)?
-1
Let d(s) = -s**3 - s**2 + 4*s + 1. Let y(k) = -5*k**3 + k**2 + 32*k + 15. Let c(l) = 6*d(l) - y(l). Suppose 16*q - 24 = 20*q. Determine c(q).
3
Suppose 4*v - 4*b - 44 = 0, 19 = 2*v + 3*b + 2. Suppose -3*d = 2*d - v. Let k(s) = 2*s. Let t(h) = -6*h. Let l(q) = -14*k(q) - 5*t(q). Determine l(d).
4
Let a be 17/6 + 4/24. Suppose -2*r - a = -119. Let x be r/(-14) + 1/7. Let g(h) = -h**2 - 4*h + 1. Calculate g(x).
1
Let l(a) = a**3 - 4*a**2 - 4*a - 7. Let g = 44 - 48. Let k be 7/2 + ((-27)/6 - g). Suppose -2*x - 2 = -d - k, -2*d = 2*x - 16. Calculate l(d).
-2
Suppose 0 = 2*o - 3*n, -9*o - 5*n + 4*n = -58. Let p(b) = b**3 + 2*b + 3*b**2 + 3*b - b - 9*b**2 + 1. Give p(o).
25
Let s(y) be the second derivative of -y**5/20 - 3*y**4/4 - y**3/3 - 3*y**2/2 + 351*y. Calculate s(-9).
15
Let h(p) = -10*p**3 - 4*p**2 - 3*p - 14. Let o be (-6)/(-4)*((-22)/33 - 4). Let i(m) = -3*m**3 - m**2 - m - 5. Let f(z) = o*i(z) + 2*h(z). What is f(0)?
7
Let s(u) = -10*u**3 + 4*u**2 + 4*u - 1. Suppose -9*n - 5*m = -1, -n - 9*m = -11*m + 5. Calculate s(n).
9
Let a(r) = r**3 + r - 1. Let n(t) = -t**2 + 24*t - 20. Let z be n(23). Let b(y) = y + 60 - 17 + 7*y**2 - y**z - 7*y**2 - 7*y**2. Let u be b(-6). What is a(u)?
1
Let l(c) = -184*c + 1682. Let m be l(9). Let g(p) = -p**2 + 23*p + 83. Give g(m).
5
Let k be 7*(1 + -2)*(-50)/(-425)*17. Let f(i) = -7 + 12*i + 3*i**2 - 2*i**2 + 2*i + 0. Give f(k).
-7
Let g be 69/(-9) + (-2)/(-3). Let r(z) = z**2 - 8*z - 18. Let q be r(-2). Let w(a) = -9*a + 2 - 6*a**q - a**3 + 15*a - 3. Calculate w(g).
6
Let m(x) = 0*x**2 - 3*x**2 + 2*x**2 - x - 3. Suppose b + 20 = -4*n, -5*b = -0*n - 4*n - 20. Suppose 5*a + a + 2*a = b. Calculate m(a).
-3
Let a(v) = -v**3 + 137*v**2 - 2*v + 61 + 15*v - 274*v**2 + 132*v**2 + 4*v. Calculate a(-6).
-5
Let b(g) = -g**2 - 3. Suppose -143 + 112 + 103 = 24*v. Determine b(v).
-12
Let q be 42/4*(-6 + 128/24). Let i(c) = 6*c + 7. Give i(q).
-35
Let h(j) = -997 + 13*j + 1988 - 993 - 9*j. Let o(u) = -u - 6. Let p be o(-6). Suppose 4*f + 9 + 3 = p. Give h(f).
-14
Let g(m) = m**3 + 13*m**2 + 10*m - 17. Suppose -352*u = -349*u - 273. Let s = u + -103. What is g(s)?
7
Let y(z) = -8*z**2 + 77*z + 24. Let c be y(10). Let h be c/(-66)*-163 + 8/(-44). Let r(u) = u + 7. What is r(h)?
-8
Let b(a) be the first derivative of -a**2 + 19*a - 8435. Let n be (-14)/(-3)*(-21)/(-14). What is b(n)?
5
Let r(k) = 85 + 90*k - 148*k + 69*k - 28. Determine r(-5).
2
Let r(a) = a**3 + 5*a**2 + 5*a + 5. Suppose 6*v - 43 - 107 = 0. Suppose v = -16*k + 21*k. Suppose 3*g - 8*g + 12 = 2*u, -u - k*g + 16 = 0. Calculate r(u).
1
Let n = 3 - 4. Let v(t) be the second derivative of -t**7/840 + t**6/360 + t**5/120 - 7*t**3/3 - 7*t. Let k(g) be the second derivative of v(g). What is k(n)?
1
Let q(j) = -5*j**2 - 2*j - 4. Let v(y) = -y**2 - y - 1. Suppose 48*a = c + 53*a + 24, -2*c - a - 3 = 0. Let m(d) = c*q(d) - 6*v(d). Give m(-3).
-1
Let b be (5 + (-2 - 0))/(6/8). Let i(t) = -b*t**3 - 49*t + 48*t - t**2 - 16*t**3 - 4 + 3. Let a be 21/(-9) + 2 - 14/21. What is i(a)?
19
Let r(u) = 148*u - 40*u - 33*u - 32*u - 35*u. Let v(y) be the third derivative of -y**4/24 - 2*y**2. Let k(b) = -2*r(b) - 18*v(b). Determine k(-3).
-6
Let d(u) = -32*u + 15. Suppose -2*l = 4*o - 10, -16 = 3*